
7
Suppose 5*p - 109 = -2*y, 4*p - 45 = 3*y + 56. What is the tens digit of p?
2
Suppose -4*a - 310 = -94. Let t be (-66)/10 + (-6)/(-10). What is the units digit of 4/t*a/4?
9
Let k(u) = 6*u - 4. Let p be k(2). Let n = 11 + -7. Suppose 2*d + p = -2*c + 22, 4*d = 4*c + n. What is the units digit of c?
3
Let o = -166 + 256. Suppose h - 2*q + 70 = 3*h, 3*h - o = 2*q. What is the units digit of h?
2
Let o(t) = -4*t + 37. What is the hundreds digit of o(-25)?
1
Suppose 0 = -4*k - 4*d - 4 + 12, 0 = 4*k + 5*d - 8. Suppose 5*g - 4*z = -2*z + 70, k*g - 4*z - 44 = 0. What is the tens digit of g?
1
Let k = -19 - -104. What is the units digit of k?
5
Let a = -14 + 14. Suppose a = 2*l, -3*c - l + 4*l = -39. What is the units digit of c?
3
Let w = 11 + -9. Suppose -w*m - 25 = 3*m. Let s(c) = -3*c - 5. What is the tens digit of s(m)?
1
Suppose n - 3*n + 8 = 0. Suppose -2*o + 5*y = -0*y - 25, n*o = -y + 83. What is the units digit of o?
0
Suppose 2*a = -0*a - 12. Let v = 0 - a. Let d = v - 4. What is the units digit of d?
2
Let h(r) = 40*r + 1. What is the tens digit of h(1)?
4
Suppose 12 = k - 3*k. Let d be (-246)/(-9) + 2/k. What is the units digit of 52/9 + 6/d?
6
Let a(s) = -s + 3*s - s + 2 - s**2 + 3*s. What is the units digit of a(4)?
2
Suppose 0 = a - 2*p, -5*a + 10*a + 3*p = 26. Suppose 3*s - 2*s + 5*o - 14 = 0, -a*s + 131 = -5*o. What is the units digit of s?
9
Suppose 5*c = -2*c + 574. What is the tens digit of c?
8
Let t = -2 + 14. Let w = t - -41. What is the units digit of w?
3
Let q be -19*(-1)/3*3. Let d = -35 + 47. Let f = q - d. What is the units digit of f?
7
Let u(r) = 16*r - 1. What is the units digit of u(5)?
9
Suppose -5*y = 2*s - 2010, 3*s = y - 4*y + 1197. What is the units digit of y?
4
Suppose 186 = 13*x - 7*x. What is the tens digit of x?
3
Let b be 3/(-15) + (-1298)/10. Let z = -65 - b. Suppose a = 6*a - z. What is the units digit of a?
3
Suppose -5*k = -154 - 121. What is the tens digit of k?
5
Suppose 3*i = 6*o - o + 415, 8 = 2*o. What is the hundreds digit of i?
1
Let a(d) = 2*d**2 + 6*d. Let j be ((-9)/(-6))/((-6)/(-20)). Let i be a(j). Suppose -4*q = -f - 49, 5*q - i = 2*f + 3*f. What is the tens digit of q?
1
Let v = -6 - -8. Suppose p + 8 = -b, -16 = -p + 3*p - v*b. Let k = -4 - p. What is the units digit of k?
4
Let h be 2/4*(-1 + 3). What is the tens digit of 1*(10 + 2 + h)?
1
Suppose 5*x - 5 - 10 = 0. Suppose 0*m = -x*m. Let j = 8 + m. What is the units digit of j?
8
Suppose 3*a + 2888 = 11*a. What is the hundreds digit of a?
3
Let g be -1 - (-2 + (-3)/3). Suppose -g*p = -3*p + 12. What is the tens digit of p?
1
Let c(n) = -3*n + 7. What is the units digit of c(-8)?
1
Let p(t) = t**2 - 5*t. Let f be p(5). Suppose 4*r - m - 10 = 4*m, 3*r + 4*m = -8. Suppose 3*q - y - 2 = r, -5*q + 2*y - y + 6 = f. What is the units digit of q?
2
Let c = 61 + 195. What is the tens digit of c?
5
Let w be (-5 + 2)*1*-1. Suppose -3 + 6 = w*t. What is the units digit of -7*t*(-3 + 2)?
7
Suppose -5*r - 134 = -3*x, -4*x + 197 = r - 4*r. What is the tens digit of x?
5
Suppose -2*x + 196 = 2*x. What is the tens digit of x?
4
Suppose 0 = 4*l + 5 - 45. Let m(p) = -p**2 - 6*p - 2. Let b be m(-5). Suppose l = b*o + 1. What is the units digit of o?
3
What is the units digit of (41/2)/(10/20)?
1
Let o(x) = x**3 - 3*x**2 + 4*x - 2. Let a be o(2). Suppose -19 = -z - 5*s, 0*z - 10 = 2*z - a*s. What is the tens digit of (14/(-35))/(z/25)?
1
Suppose 4*l = 2*l + 6. Suppose q - l*w = 14, -w = 4*q - 0*w - 108. Suppose 3*d = 5*d - q. What is the tens digit of d?
1
Let k = -16 + 34. What is the tens digit of k?
1
Let q = 17 + -12. Suppose v = q*v - 12. What is the units digit of v?
3
Suppose 21 + 75 = f. What is the tens digit of f?
9
Let h(t) = -6*t - 28*t**3 + 6*t. What is the units digit of h(-1)?
8
Let h(o) = o**3 - 2*o**2 - 6*o + 6. Let r be h(4). Let a = r - 8. What is the units digit of a?
6
Let c = 23 - 13. What is the units digit of c?
0
Suppose -7*x + 2*x = -2*b - 15, 4*b - 3*x - 5 = 0. Suppose 0 = -b*w - 0*w + 40. Suppose 5*p = p + w. What is the units digit of p?
2
Let u = 13 + 62. What is the units digit of u?
5
Suppose -4*o - q - 774 - 46 = 0, 2*o = 2*q - 410. What is the units digit of 6/8 - o/20?
1
Suppose 140 + 193 = 3*x. What is the units digit of x?
1
Suppose -i - 2*i + 6 = 0. What is the units digit of i?
2
Let q = -180 - -308. What is the units digit of q?
8
Suppose -5*i + 41 = 3*h, -3*h - 4*i + 38 = -2*i. Suppose h = 6*s - 2*s. What is the units digit of s?
3
Suppose 30 = 4*z - 18. What is the tens digit of 2 + -3 + z/1?
1
Let s be 5 + 0*3/6. Suppose -3*o - 1 = 2*y + 3*y, -s*o = 2*y + 8. Let t = 4 + o. What is the units digit of t?
2
Let y(c) = 2*c**2 + 3 - 9 + 0. What is the units digit of y(4)?
6
Let l(c) = c**3 - 10*c**2 + 9*c + 3. Let o be l(9). Suppose 0 = -0*r - r - 1, 0 = -o*g + 2*r + 17. What is the units digit of g?
5
Suppose -3*o - o = 2*d, 4*o = -3*d + 10. Suppose d + 5 = 3*w. What is the units digit of w?
5
Let c(g) = g - 2. Let j be c(0). What is the tens digit of (-4)/(j/(5 - -3))?
1
Suppose -3*u - u + 52 = 2*t, 5*t + 5*u - 140 = 0. Suppose -2*p - 8 = -t. What is the units digit of p?
1
Let j(b) be the first derivative of -15*b**2 + 16*b**2 - 3 + 0*b + 2*b. What is the units digit of j(3)?
8
What is the hundreds digit of 9*(3 + (-3 - (2 - 20)))?
1
Let r = -5 - -1. Let i(q) = 2*q**2 - 2*q + 1. Let s be i(r). Suppose -2*v = -5*k - 4*v + s, 2*v - 6 = 0. What is the units digit of k?
7
Let h(z) = z**2 - 2*z + 1. Let y be h(1). Suppose q = -y + 8. What is the units digit of q?
8
Let p = 2 - -5. What is the units digit of p?
7
Suppose -10 = 2*d, 3*h - 5*d - 15 = -2*d. Suppose -4*m + 4*x + 44 = h, -4*m - x + 3*x = -42. What is the units digit of m?
0
Suppose 7*c - 9*c = 0. Suppose f - j - 49 + 15 = c, -4*f = -3*j - 137. What is the tens digit of f?
3
Let q = -224 - -318. What is the tens digit of q?
9
What is the units digit of -14 + 238 + (-1 - -1)?
4
Let o = 2 - 0. Suppose 4*u = 3*u + o. What is the units digit of u?
2
Let h = -117 + 172. Suppose -z - 4*z = -h. What is the tens digit of z?
1
Let d = -64 + 124. What is the tens digit of d?
6
Suppose -2*x - 2*x - 3*z + 104 = 0, 41 = x - 3*z. What is the tens digit of x?
2
Suppose 5*r - 20 = 0, 0 = -5*m + 4*r - r + 313. What is the tens digit of m?
6
Let q(i) = i + 2. Let a be q(-5). Let w(r) = -r**3 - r**2 + 5*r + 2. Let m be w(a). Suppose 19 = 3*k - 5*p, m*p - 1 = -3*k - 2. What is the units digit of k?
3
Let f(m) = m - 9. Let w be f(11). Suppose -5*o + w*r = -20, o + 8 = 3*o + r. Suppose -3*n = -p, -4*n - o*p = -n - 15. What is the units digit of n?
1
Suppose 0 = 2*v - v - 2. What is the units digit of (-7)/v*(-24)/42?
2
Let s(x) = -x**2 + 6*x + 5. Let f be s(6). Let l(k) = 2 - 2*k - k**3 + f*k - 2*k**2 - 2*k + 2. What is the units digit of l(-3)?
0
Suppose 5*v = 4*v + 5. Suppose v*g - 3*i = 72, 5*g - 8 - 62 = 5*i. What is the units digit of g?
5
What is the hundreds digit of 327 + 0 - ((8 - 3) + -2)?
3
Suppose o - 400 = -4*o. What is the tens digit of o?
8
Suppose 0 = -5*j - 40 - 155. Let a be 2/4*(-1 - j). Suppose 4*o - a = 13. What is the units digit of o?
8
Let q(i) = 4*i + 5*i + 6*i. Let w be q(1). Suppose 4*a - 17 - w = 0. What is the units digit of a?
8
Suppose 0 = 30*t - 32*t + 190. What is the tens digit of t?
9
Let h = -44 + 63. What is the tens digit of h?
1
Let y = 0 - 2. Let x be y/(-6) + (-15)/(-9). Suppose -x = -5*b + 3*c + 10, 0 = c - 1. What is the units digit of b?
3
Let p(m) = 7 + 2*m + 2*m - 3*m. Let y be p(-5). Suppose 0 = 4*w - 3*a - 28, y*w + 5*a + 8 + 4 = 0. What is the units digit of w?
4
Suppose -2*q + 8 = 0, -3*z - 2*q + 28 = 2*z. Let k = -4 + z. What is the units digit of (-10)/(-2) + (0 - k)?
5
Suppose -6*k + 3*k + 6 = 0. Suppose k*f + 2*f - 108 = 0. What is the tens digit of f?
2
Let q(v) = -4*v**3 + 3*v**2 + 3. What is the units digit of q(-3)?
8
Let n be 1/(3*3/18). Suppose -4*a - 33 = -3*h, -n*a = 2*h - 2 - 20. What is the tens digit of h?
1
Suppose 0*x = 4*x + 20. Let z = x - 15. What is the units digit of 3/(-9) + z/(-6)?
3
Let j(f) = 4*f + 11. What is the units digit of j(3)?
3
Let g(y) = -20*y - 15. What is the tens digit of g(-6)?
0
Suppose 0 = -3*l - 0*l + 6. Suppose l*i - 5*i = -9. What is the tens digit of i/1*(-66)/(-18)?
1
Let g = 49 +